 is the units digit of f(-1)?
6
Let g = -309 + 580. What is the hundreds digit of g?
2
Let x(u) = 2*u - 2. Let g be x(3). Let j(p) = -3*p + 3 - p**3 - p**2 + g*p - 2. What is the units digit of j(-2)?
3
Let i be (21/(-6) + 1)*-34. Let f = i + -56. What is the tens digit of f?
2
Suppose 2*l + 0*l + 40 = 0. Let s = l - -41. What is the tens digit of s?
2
Let q(v) = 2*v**3 + v**2 - 1. Let h be q(1). Suppose 17 = p + 5*t, h*t - 21 = -2*p - 3. What is the units digit of p?
7
What is the tens digit of -23*((-159)/21 - (-4)/7)?
6
Let x be (-3)/(-12) - (-14)/8. Suppose 3*a - x*p = 61, -3*a + 47 = 2*p + 3*p. What is the tens digit of a?
1
Let g = -5 - -96. What is the units digit of g?
1
Let f(k) = -k + 4. Let j(m) = -m + 1. Let z be j(-4). Let x be f(z). What is the units digit of 2 + x + 4 + 1?
6
Let a = -7 + 11. What is the units digit of 6 - (-2 + (a - 2))?
6
Suppose -b + 7 = m - 0, -5*b + 17 = -m. Suppose -5*i - m = t, -i + 10 = -6*i. What is the units digit of t?
7
Suppose 4*g - 12 = -2*i + 18, 0 = -5*i + g + 108. What is the units digit of i?
1
Suppose 0*x - 4*x = 0. Suppose 10 = -x*u + 2*u. What is the units digit of u?
5
Let h(i) = i**2 + 3*i - 1. Let q be h(-4). Let j = 5 + -7. Let z = j + q. What is the units digit of z?
1
Let p = 22 + 123. What is the units digit of p?
5
Let o be (-8 - (4 + -9)) + 10. Let c(s) = s**3 - 5*s**2 - 5*s + 6. Let h be c(6). Let r = o + h. What is the tens digit of r?
1
Let d(p) = 2*p**3 - 4*p**2 - 5*p + 11. What is the units digit of d(5)?
6
Let m = 8 - 5. Suppose 2*f + m = 21. What is the units digit of f?
9
Let w(g) = g**2 + 7*g - 10. Let c be w(-8). Let q(h) = -2*h + 1. What is the units digit of q(c)?
5
What is the tens digit of (-2)/(-6)*251 - 4/6?
8
Let z = 15 - 11. Suppose 4*i = 2*w - 3*w + 59, z*i = w + 53. What is the units digit of i?
4
Let t(s) be the third derivative of s**6/120 + s**5/10 - s**4/24 - s**3/6 - 4*s**2. What is the units digit of t(-6)?
5
Let z = 704 + -479. What is the units digit of z?
5
Let o(b) = b**3 - 4*b**2 - 4*b. Let t be o(5). Suppose 4*u - t*g - 1 + 0 = 0, u = -g + 7. What is the units digit of u?
4
Suppose 0 = 7*n - 5*n + 10. Let i = 7 - n. What is the tens digit of i?
1
Suppose -3*v = -5*q + 9 + 4, -2*v - 6 = -2*q. Let m = 52 + -19. Suppose 5*k = -4*j + m, q*k = 2*j + 9 - 3. What is the units digit of j?
2
Suppose 3*j - 57 - 15 = 0. Let z = -38 + j. Let o = z - -29. What is the tens digit of o?
1
What is the tens digit of 2/12 - (-15075)/270?
5
What is the tens digit of (3 + 26/(-6))*(-450)/4?
5
Suppose -6 = -3*t + 2*o, 9*o - 4*o = -2*t + 4. Let h be (-3 + 9)/((-3)/t). Let p = h + 9. What is the units digit of p?
5
Suppose g + 4*g = -165. Let p = g + 49. What is the tens digit of p?
1
Let l(h) = 3*h - 1. Let r(u) = 5*u - 2. Let d(z) = -8*l(z) + 5*r(z). What is the units digit of d(3)?
1
Suppose -2*u = -5*u. Let o = u - -4. Suppose -h + 30 = o*h. What is the units digit of h?
6
Suppose -2*b - b - 5*k = -370, 5*b - 3*k - 662 = 0. Let a = b - 86. What is the units digit of a?
4
Let n(o) = -17*o + 5. What is the hundreds digit of n(-12)?
2
Let k = -5 + 10. Let s = k + -8. Let m(v) = -v**3 - 2*v**2 - 2. What is the units digit of m(s)?
7
Suppose -197 = -5*v + 188. What is the units digit of v?
7
Suppose 5*d - 18 = -2*v, 4*d - 4*v = d + 16. Suppose d*n - 16 = -4. What is the units digit of n?
3
Let x be 210/7 - -1*2. Suppose 8 = 4*n - x. What is the tens digit of n?
1
What is the hundreds digit of -1 + 120 - (-3)/((-6)/(-2))?
1
Let g = 98 + 162. What is the units digit of g?
0
Suppose 4*x + 23 - 55 = 0. Let p = x - 11. What is the units digit of (-1)/p + 265/15?
8
Let a(x) = x - 1. Let q be a(0). Let h = q + 7. What is the units digit of h?
6
Let w = -6 + 10. Suppose 2 + 10 = w*j. Suppose -s = -4*s + j. What is the units digit of s?
1
Let n be (-1)/(2 - 58/28). Let l = n + -8. What is the units digit of l?
6
Suppose 6*c - c = 5*f - 980, 5*f - c = 972. What is the hundreds digit of f?
1
Let v be (-5)/((-3*1)/3). Suppose 2*s - 1 - v = 0. What is the units digit of s?
3
Let y(b) = b**3 + 2*b**2 - 3*b + 5. Let f be 15/6*4/5. What is the units digit of y(f)?
5
Suppose 0 = -5*x - 4*r - 1, 4*r = -3*x + r - 3. Let s(w) = w**2 + 2*w + 1. Let l be s(-3). Suppose 5*h = l*h + x. What is the units digit of h?
3
What is the units digit of (1 - -50) + 4/(-10)*-5?
3
Suppose x - j = -2*j + 5, -11 = -2*x - 3*j. Suppose 4*a + 2*h - 128 = 6*h, -x*h - 16 = 0. What is the units digit of a?
8
Suppose 2*f = -3*i - 6, 5*f + 3 + 12 = -2*i. Suppose i + 6 = b. What is the units digit of b?
6
Let j be (3/(-3) - 0) + 1. Suppose j = -d + 1, 21 + 34 = 2*y - 3*d. Let a = 41 - y. What is the units digit of a?
2
Let i = 5 - -3. What is the units digit of i?
8
Suppose 2*q - 3 = q. Let y = 7 + q. What is the tens digit of y?
1
Let x be 3 + 40/(-4) + 0. What is the units digit of x - -10 - (0 - 33)?
6
Let v = 75 + -48. Suppose 6 = 3*n - v. Suppose -u - 4*s = u - 8, 3*u + 5*s - n = 0. What is the units digit of u?
2
Let b(r) = 4*r - 7. What is the units digit of b(10)?
3
Suppose 2*u = 6 + 2. Suppose -1 - u = -2*p + v, -5*v = -5*p + 15. What is the units digit of p?
2
Let y = -87 + 147. What is the units digit of y?
0
Suppose -92 = 4*m + 4*d, 2*m - d = -3*m - 109. Let o = 3 - m. What is the tens digit of o?
2
Suppose 5*y + 15 = -f, 0 = -2*f - y - 4*y - 15. Let z = 7 + f. Let q = z - -3. What is the units digit of q?
0
Let i = 8 - 4. Suppose 82 = i*k - 3*m, k + 3*m = -k + 32. What is the tens digit of k?
1
Let y(k) = k**3 + 5*k**2 - 8*k - 7. Let z be y(-6). Suppose 2*r - 4*r - 38 = -5*x, -3*r - 42 = -z*x. What is the units digit of x?
6
Let u(g) = -4*g + 2. What is the tens digit of u(-15)?
6
Let i be 8/44 - 167/11. What is the units digit of (-219)/i + 8/20?
5
Let p(u) = -u**2 - 9*u + 1. What is the units digit of p(-8)?
9
Suppose -2*g = -4*g + 16. Let l be (-1)/((-2)/(-6) - 0). Let o = l + g. What is the units digit of o?
5
Let h = -9 + -61. Let n = -50 - h. What is the units digit of n?
0
Suppose 2 = 2*c + 4*l - 8, 0 = -4*c - 2*l + 14. Suppose c = n - 1. What is the units digit of n?
4
Let q(s) = 0 - 3*s - 2 + 5 - 4. What is the tens digit of q(-4)?
1
What is the hundreds digit of -2 - ((-810)/24)/((-2)/(-8))?
1
Suppose 4*s + 23 = -4*m + 3*s, -3*m - 20 = -2*s. Let t be 23/(-4) + m/(-8). Let l = t - -7. What is the units digit of l?
2
Let p(c) = -10*c**2 + 4*c + 4. Let w be p(-2). Let l = w + 73. What is the units digit of l?
9
Let m be (-168)/(-44) - (-4)/22. Suppose -p = -5, 0*c - m*p = -c - 48. What is the units digit of (-511)/c - (-1)/(-4)?
8
Suppose -3*f + 2*k = -173, f - 92 = -k - 36. Suppose 3*n + 9 = f. What is the tens digit of n?
1
Suppose 0 = -5*m - 5, 7*k + 4*m = 3*k - 180. Let y = -8 - k. What is the tens digit of y?
3
Let y(x) = -x + 6. Let s be y(6). Let v = s - -1. What is the units digit of v*(1 - 1 - -1)?
1
Let h be 2/7 + 15/21. What is the units digit of 93/15 + h/(-5)?
6
Suppose -5*a = -m + 3*m - 97, 0 = -m - 2*a + 48. What is the units digit of m?
6
Let s(w) = -198*w**3 + 2*w**2 - 7*w - 8. What is the tens digit of s(-1)?
9
Let b(u) be the second derivative of u**5/20 + u**4/2 - u**3/3 - 3*u**2/2 - 7*u. What is the units digit of b(-6)?
9
Let k(t) = t**2 - t + 2. Let u be k(2). Let h = 6 - u. What is the units digit of h?
2
Let s(n) = n**3 + 8*n**2 + 5*n - 5. Let d be s(-7). Suppose 4*f - 51 = d. What is the tens digit of f?
1
Suppose -3*m - 5*d = -70, 0 = 4*m - 3*d - 11 - 34. What is the tens digit of m?
1
Let j(r) = -r - 3. Let y be j(-3). Suppose 6*h - 3*h - 15 = y. Suppose 0 = -h*c - 0*c + 5. What is the units digit of c?
1
Let t = 8 + -8. Suppose t = -4*p + 5*c + 21 + 23, -3*p = -5*c - 28. What is the tens digit of p?
1
Suppose -5*x = -x - 8. Suppose -10 = -x*k + 12. Let i = k - 5. What is the units digit of i?
6
Suppose 4*d = 7*d - 294. What is the tens digit of d?
9
Suppose 3*r - 4*r = 2, -3*r - 30 = -p. What is the units digit of p?
4
Let c(t) = t**2 - 2*t. Let o be c(2). Suppose o = 5*u - 5*r - 100, 5*u - 2*r = 35 + 68. What is the tens digit of u?
2
Let f(w) = 14*w**2 - 3*w + 17. Let v(d) = 5*d**2 - d + 6. Let n(i) = -6*f(i) + 17*v(i). What is the tens digit of n(5)?
3
Suppose 0 = g + 4*g + 5. Let r(b) = -b**2 - b. Let q be r(g). Suppose q + 5 = c. What is the units digit of c?
5
Sup